10).
9
Let j be 10/(-2*1)*-4. Let p = j + -3. What is the remainder when p is divided by ((-3)/6)/(2/(-36))?
8
Let l be 5/(5/2) - -3. Let v = 10 - l. Suppose -n = 2 - 5, 0 = v*q + 3*n - 204. What is the remainder when q is divided by 20?
19
Calculate the remainder when -15*((-72)/20 - -3) is divided by 6.
3
Let z = 61 + -24. Suppose 0 = i - 3*i + 26. Calculate the remainder when z is divided by i.
11
Suppose 2*i - 8 = -2. Suppose 3*r - 120 = -i*d, -5*r = 3*d - 124 - 6. Suppose 0 = -4*t - 19 + 91. What is the remainder when d is divided by t?
17
Suppose -24 - 11 = -5*u. Calculate the remainder when 10/((6/5)/3) is divided by u.
4
Suppose -24 = -q - 3*z, 4*z - 3*z - 107 = -4*q. Let l(f) = 2*f**2 - 7*f + 10. Calculate the remainder when q is divided by l(3).
6
Suppose -135 = 2*m - m. Let c = m - -208. What is the remainder when c is divided by 19?
16
Let m(f) = -f + 5. Let o be m(5). Suppose 4*v = o, -3*z + 2*v = v - 42. Calculate the remainder when 54 is divided by z.
12
Suppose -7*n + 85 + 20 = 0. Calculate the remainder when 72 is divided by n.
12
Let y(r) = -5*r**2 + 4*r + 5. Let g(k) = 9*k**2 - 7*k - 9. Let p(w) = 3*g(w) + 5*y(w). Let u = -22 + 52. Calculate the remainder when u is divided by p(-2).
6
Suppose 6 = -2*r, 5*r - 117 = -4*y + 116. What is the remainder when y is divided by 2*6*(-124)/(-93)?
14
Let p = 49 - 7. Calculate the remainder when 123 is divided by p.
39
Suppose -3*c + 8*c = 490. Let z = c - 18. Suppose 0*n - 4*n + z = 0. Calculate the remainder when n is divided by 7.
6
Suppose 2*r = -0*r + 4. Calculate the remainder when 3 is divided by r.
1
Let h = 4 + -1. Let z be h*((-620)/6)/(-5). Suppose -3*v + z + 22 = 0. Calculate the remainder when v is divided by 15.
13
Let n = 94 + -58. Calculate the remainder when 141 is divided by n.
33
Let s = 1 - -1. Let v be -17*s*1/2. What is the remainder when 10 is divided by v/(-3) + 4/12?
4
Suppose -s = -3*g + 3, -g = 2*s - 3*g - 6. Suppose -s = -p + 2. Suppose -4*y = -9*y + 155. Calculate the remainder when y is divided by p.
7
Let v(h) = -h**3 + 11*h**2 - 11*h + 9. Let w be v(10). What is the remainder when w/(112/(-37) - -3) is divided by 10?
7
Let f(c) = c**2 + 11*c + 10. Calculate the remainder when 41 is divided by f(-12).
19
Let l(r) = -3*r - r**2 - r**2 + 2*r**3 + 2 + 0*r**3. Let u(c) = -c**2 - 9*c + 2. Let z be u(-9). What is the remainder when 6 is divided by l(z)?
2
Let u = 77 - 49. Let d = u - 17. Let i = 8 - 4. Calculate the remainder when d is divided by i.
3
Let z = -47 + 50. What is the remainder when 9 is divided by z?
0
Let x(k) be the second derivative of -k**4/12 - 5*k**3/6 + 2*k**2 + 3*k. What is the remainder when 18 is divided by x(-5)?
2
Let v = -3 - -6. Suppose p - v = 2. Suppose 0 = p*l - 17 - 28. Calculate the remainder when 17 is divided by l.
8
What is the remainder when 71 is divided by (3/1)/((-7)/(-21))?
8
Let c(t) = -t**2 - 14*t - 19. What is the remainder when c(-11) is divided by 9?
5
Let o be (-650)/8 - 1/(-4). Let g = -36 - o. Suppose 5 - g = -5*l. Calculate the remainder when l is divided by 5.
3
Suppose -p = -5*f + 2*p + 48, 0 = f - 2*p - 4. Let o = -31 - -66. Calculate the remainder when o is divided by f.
11
What is the remainder when 101 is divided by (0 - (-78)/21)*7?
23
What is the remainder when 113 is divided by ((-23)/(-4))/(1/4)?
21
Let g(a) = 5*a - 3. Let s = 37 + -17. Suppose 3*h + 2 = s. What is the remainder when g(4) is divided by h?
5
Let s = -3 + 33. Let k = 80 + -72. What is the remainder when s is divided by k?
6
Suppose 0 = -3*m - 19 + 1. Let d be (3/(-2))/(m/16). Suppose s + 9 = d*s. What is the remainder when s is divided by 2?
1
Suppose p = -2, 2*h + 4*p - 1 = 1. Suppose -86 = -h*m - 16. Suppose 2*x = 4*x - m. Calculate the remainder when 13 is divided by x.
6
Let p = 1 + 3. Let v(o) = 2*o**2 - 5*o + 3. What is the remainder when v(p) is divided by 8?
7
Let l = 4 - 4. Suppose -w - w = l. Suppose -v - 2 + 5 = w. Calculate the remainder when 7 is divided by v.
1
Let y = -2 - -9. Suppose -y + 42 = 5*o. Let k(v) = -v**2 + 9*v - 9. Calculate the remainder when 13 is divided by k(o).
3
Let l(q) = q**2 + 5*q + 1. Let g be -2*(0 - (-1)/(-2)). Let i(v) = 14*v**2 - v. What is the remainder when l(3) is divided by i(g)?
12
Suppose -r + 7 = 5. Suppose 7*z - r*z - 180 = 0. Suppose 3*b = 61 - 4. Calculate the remainder when z is divided by b.
17
Suppose -42 + 111 = 3*k. What is the remainder when k is divided by 8?
7
Calculate the remainder when 125 is divided by (-70)/(-63)*12 + 2/3.
13
Let a = -6 - -11. Suppose -u + l + 3 = -0*l, -10 = -a*l. What is the remainder when 13 is divided by u?
3
Suppose 10 = -4*d - 5*z + 81, 2*d - 5*z - 13 = 0. Let o(b) = b**2 + 4*b + 1. Let i be o(-4). Let r = 6 - i. What is the remainder when d is divided by r?
4
Let u(o) = o**3 - 13*o**2 - 6*o - 9. Let z(x) = 2*x**3 - 27*x**2 - 11*x - 19. Let i(p) = -9*u(p) + 4*z(p). Calculate the remainder when i(10) is divided by 3.
2
Suppose 4*s = -g + 46, 5*g - 1 + 11 = 0. What is the remainder when 68 is divided by s?
8
Let w = 102 + -88. Suppose -4 = -l + 5. Calculate the remainder when w is divided by l.
5
Suppose -4*p + 31 = -9. Calculate the remainder when 37 is divided by p.
7
Let y(r) = r + 9. Let q be y(-8). Calculate the remainder when 35 - (-1 - (0 + q)) is divided by 13.
11
Suppose 0 = -2*d - 3*d. Let l = 3 + d. What is the remainder when 7 is divided by l?
1
Let x(g) = -g**3 + 8*g**2 + 10*g - 6. What is the remainder when (-1)/((-6)/(-7) - 1) is divided by x(9)?
1
Let k = 15 - -6. What is the remainder when k is divided by 6?
3
Let o(w) = 6*w - 5. Suppose 5*l - 35 = -2*t, 2*l - 21 = -l + t. Calculate the remainder when o(l) is divided by 19.
18
Let d = -29 - -66. Let m(c) = c**3 - 7*c**2 + 5*c + 2. Let n be m(4). Calculate the remainder when d is divided by ((-2)/(-4))/((-1)/n).
11
What is the remainder when 16 is divided by (17 - 3) + (-2 - 2)?
6
Suppose -4*w = -27 - 33. Let o(c) = c**3 + 9*c**2 + 9*c + 8. Calculate the remainder when o(-7) is divided by w.
13
Let g be 8/20 + 6/10. Suppose 0 = 4*h - g - 11. Suppose h*r + 1 = 10. Calculate the remainder when 5 is divided by r.
2
Let h = -4 + 6. What is the remainder when 2 is divided by h?
0
Suppose 3*x = 4*f + 232, 3*x + 0*x - 224 = 2*f. What is the remainder when x is divided by 19?
15
Let v(h) = -3 - h**2 - h**2 - 7*h + 0*h**2 + h**2. Calculate the remainder when 7 is divided by v(-6).
1
Let z be (-143)/(-4) + 3/(-4). Suppose -1 = 2*j - z. Calculate the remainder when j is divided by 5.
2
Calculate the remainder when 1/((-4 - -1)/(-57)) is divided by 10.
9
Let d be 1/4 - (-57)/12. Suppose -v + 56 = -d*a, -7*v + 2*v + a + 328 = 0. What is the remainder when v is divided by 17?
15
Suppose -5*b = -3*y + 175, 3*y - 3*b = -0*b + 165. What is the remainder when 149 is divided by y?
49
Suppose 6*o - 51 = 3*o + 3*x, 27 = 3*o + 3*x. What is the remainder when 38 is divided by o?
12
Suppose h - 39 = -135. Calculate the remainder when 61 is divided by 4/12*h/(-2).
13
Let m be (6/(-5))/(9/(-30)). What is the remainder when (3/(-6))/1*-4 is divided by (-1)/3 + m/3?
0
Let g = 5 + -10. Calculate the remainder when 93 is divided by 1/g - (-121)/5.
21
Suppose 5*t + 2*y + 26 = 301, 4*t - 220 = -y. Suppose k = 6*k - t. What is the remainder when 20 is divided by k?
9
Let f = 69 + -39. What is the remainder when f is divided by 20?
10
Suppose -4*y - y + 60 = 0. Suppose 127 = 2*j + 33. What is the remainder when j is divided by y?
11
Let z(s) = -s**2 - 10*s - 10. Suppose -4*h + 21 = -7*h. Suppose -2*l = 2*l - 84. Calculate the remainder when l is divided by z(h).
10
Let t = -105 - -119. Calculate the remainder when t is divided by 9.
5
Let q be (-3 - -2)*1 - -11. Let k = 26 - q. Calculate the remainder when 46 is divided by k.
14
Suppose -1 = -2*r + 3*r - 3*s, -4*r + 5*s = 4. Let c be (r*1)/(6/(-36)). Let m = c - -10. What is the remainder when 47 is divided by m?
15
Let s be -4 + (1 + -2 - -3). Let k be 0/s + (-1 - 0). Calculate the remainder when (-20)/(-2*k/(-3)) is divided by 16.
14
Let a(x) = 3*x**2 - x - 2. Let z be a(2). Let j(g) = -g**3 + 8*g**2 + 5*g + 2. Suppose -3*c = c - 88. What is the remainder when j(z) is divided by c?
20
Let i = -15 - -24. Let y(b) = b + 6. Let w be y(-9). Let v = w + 18. Calculate the 